 factors of n.
47
Let n(w) = -224*w - 89. What are the prime factors of n(-77)?
17159
Let f(l) be the third derivative of l**5/10 - 31*l**4/24 - 7*l**3/6 - 3*l**2 + 20*l. List the prime factors of f(8).
3, 43
Let t = -16642 + 106884. List the prime factors of t.
2, 45121
Let r = 335 + 4078. Suppose u - 2781 = -5*w + r, -5*u = 2*w - 2896. List the prime factors of w.
2, 719
Let q be (-92)/(-12) + (-2)/3. Suppose 138 + 352 = q*b. Let c = b + -19. What are the prime factors of c?
3, 17
Suppose l + 147 + 31 = -3*k, -5*k + 492 = -3*l. Suppose 1678 - 474 = 28*r. Let b = r - l. List the prime factors of b.
2, 53
Suppose -18*r + 19*r - 5*n = 1234, r = -n + 1198. List the prime factors of r.
2, 7, 43
Let d(k) = 141*k**2 + k + 296. List the prime factors of d(12).
2, 5153
Let k = 105292 + -15632. List the prime factors of k.
2, 5, 4483
What are the prime factors of ((-2424)/(-20))/((-52)/(-2990))?
3, 23, 101
Suppose 19*w = 15*w + 28. Let k(q) = -3 - 23*q**3 + 4*q**2 - w*q**3 - 2*q**3 + q. What are the prime factors of k(-2)?
3, 89
Suppose -4*b = 7*b - 10*b. Suppose b*v + 4*w = 2*v - 10, 5*w = -2*v + 46. Suppose v*t - 984 = t. What are the prime factors of t?
2, 41
Let x(g) = -3*g**3 + 9*g**2 - 15*g + 12. Let y(r) = -4*r**3 + 10*r**2 - 16*r + 11. Let u(a) = -3*x(a) + 2*y(a). What are the prime factors of u(10)?
2, 13
Let t be ((-40)/36)/((-4)/18). Suppose -3*q + 1059 = o + 2*o, t*q - 1067 = -3*o. What are the prime factors of o?
349
Let o(u) be the second derivative of -u**4/12 - 3*u**3/2 + 11*u**2/2 - 18*u. Let w be o(-9). Suppose y = 89 + w. List the prime factors of y.
2, 5
Let h be (-7 + 7)/((8 - 4)/(-4)). Suppose -n - 18*n + 7961 = h. What are the prime factors of n?
419
Suppose -2*f + g = 0, 7*f - 4*f - 4*g = -5. Let d(u) = 13 + f + 26 - u + u**2. List the prime factors of d(0).
2, 5
Let i = -141 - -136. What are the prime factors of (-37 + i)/(6/(-15))?
3, 5, 7
Suppose -34*h + 49*h = 31335. List the prime factors of h.
2089
Let r be (6/8)/((-2)/(32/6)). List the prime factors of (1 + -2 - 280)*1*r.
2, 281
Let k = -164 - -167. Suppose -9*s + 14*s = 5*o - 6745, 0 = k*s - 3. What are the prime factors of o?
2, 3, 5
Let h(c) = -2*c**3 - 66*c**2 - 25*c - 287. List the prime factors of h(-33).
2, 269
Let v = 49522 + -29133. What are the prime factors of v?
20389
Let q(i) = i**3 - 24*i**2 - 49*i - 13. Let g be q(26). Let c = 328 - g. What are the prime factors of c?
263
Suppose -5*c - 664 = -2*q - 147, 0 = 5*q + 4*c - 1210. Let h = q - -103. What are the prime factors of h?
349
Let c = 10245 + -8782. What are the prime factors of c?
7, 11, 19
Suppose 7*n - 4*n = -8*n. Suppose n = 20*j + 12*j - 28352. What are the prime factors of j?
2, 443
Suppose -15*v + 22342 + 37088 = 0. What are the prime factors of v?
2, 7, 283
Let y(h) = 13*h**2 - 30. Let w be y(-6). Let s = -194 + w. List the prime factors of s.
2, 61
Suppose -3 = 3*f + 3*r, 5*f - 3*r = -r + 16. Let z be 1*(637/(-26) + f/(-4)). List the prime factors of (1 - -44) + 5/(z/(-10)).
47
Suppose -4 = -5*t - 3*b - 5, 0 = -t - 2*b - 3. Let o be -4 + (t - 5)/2. What are the prime factors of o/(-4) + (1 - (-1827)/14)?
7, 19
Let j(o) be the third derivative of -o**6/120 - o**5/12 - o**4/6 - 4*o**3/3 - 10*o**2. Let z be j(-5). Let x = 23 - z. List the prime factors of x.
11
Let f = -7577 + 13981. List the prime factors of f.
2, 1601
Let p = 56 + -48. Let s be p + -4 + -1 + 6 + -4. Suppose -413 = -5*l + 2*q - 143, 5*l - s*q = 285. What are the prime factors of l?
2, 13
Let k be 1/(-6) + 147/18. What are the prime factors of ((-812)/6)/(k - (-104)/(-12))?
7, 29
Let k be (-2 - (-15 - -6))*2*9. Suppose -x - 3 = 0, 0*x - 2*x = -3*y - 207. Let o = k + y. List the prime factors of o.
5, 11
Let x = -358 - -721. Suppose -374*f + x*f = -1342. List the prime factors of f.
2, 61
Suppose -289*p + 177*p + 727440 = 0. What are the prime factors of p?
3, 5, 433
Let v be (6/4)/((-10)/(-660)) - 5. List the prime factors of (v/4)/(1/48).
2, 3, 47
What are the prime factors of (10947/3)/(10/4 - 2)?
2, 41, 89
Suppose 88*k = 90*k - 72. List the prime factors of 6444/20 - k/(-45).
17, 19
Let q = 61852 - 43854. List the prime factors of q.
2, 8999
Let c = -36 + 47. Suppose -4*v = -c*v + 28. Suppose 2*k = 4*b - 24, -v*k - 6 - 14 = -b. List the prime factors of b.
2
Let u = 136791 + -72859. What are the prime factors of u?
2, 11, 1453
Let v(u) = u**3 - 10*u**2 - 11*u + 9. Let q be (2 - 1)*(-3 - -2). Let y = 10 - q. What are the prime factors of v(y)?
3
Suppose -22*m + 6*m - 144 = 0. List the prime factors of 15/(945/14) + (-9835)/m.
1093
Suppose 0 = -o + 3*k - 9, 9 = 5*o + 3*k - 36. Suppose o*x - 1954 = 1526. What are the prime factors of x?
2, 5, 29
Let g = 186 + -92. Let l = g + 248. What are the prime factors of l?
2, 3, 19
Let z = -3396 - -5563. Suppose -z = a - 12*a. What are the prime factors of a?
197
Let b be ((-16)/20)/(-1)*10/4. Suppose 3 = 3*t, 3*s - b*t = -186 + 532. Suppose 8*a - 7*a = s. What are the prime factors of a?
2, 29
Suppose -4 = -v + 12. Suppose 3*o = -v + 4. What are the prime factors of (2/o*1)/(7/(-364))?
2, 13
List the prime factors of (-5555)/(4 - 319/66).
2, 3, 11, 101
Let v(n) be the second derivative of -34*n**3/3 + 3*n**2 + n + 17. Suppose y + y + 4 = 0. List the prime factors of v(y).
2, 71
Let b(i) = -5*i**2 + 57*i + 5. Let l(t) = -6*t**2 + 57*t + 3. Let u(z) = -7*b(z) + 6*l(z). What are the prime factors of u(-26)?
3, 263
What are the prime factors of 494998/16 - (-162)/(-432)?
30937
Suppose -7*c - 101 - 445 = 0. Let n = -75 - c. Suppose -n*j = -5*j + 220. List the prime factors of j.
2, 5, 11
Suppose -16026 = -3*f - 4*p, -41*f + 40*f + 2*p + 5332 = 0. List the prime factors of f.
2, 17, 157
Let l(b) = b**3 + 27*b**2 - 114*b - 1066. List the prime factors of l(-12).
2, 1231
What are the prime factors of 3 + -1 + 2 - (-3 - 282 - -2)?
7, 41
Suppose -5*i + 12 = 2. Suppose 0*k - i*q = -3*k + 26, 5*q - 25 = 0. Suppose -3*u - 37 = -g - 6*u, 0 = -4*u + k. List the prime factors of g.
2, 7
Let i = 59691 + -31807. What are the prime factors of i?
2, 6971
What are the prime factors of (-21)/7 - ((-25)/175 - (-126964)/(-14))?
2, 3, 1511
Suppose 0*a + 4*a + 4*v = 12, 0 = -4*a - 5*v + 9. Let s(d) = 4*d**3 + 8*d - 1. List the prime factors of s(a).
911
Let b = 439 + -437. Suppose -8 = 2*p - 6*p. Suppose -86 = -2*c - 4*d, -b*d = -0*c - p*c + 86. What are the prime factors of c?
43
Let a = 41130 - 22859. What are the prime factors of a?
11, 151
Suppose -2*p + 5*i = 2*p - 48, 60 = 5*p - 4*i. Let y(g) = 9*g - 1 - 8 - 7 + 0 - 8. List the prime factors of y(p).
2, 3, 7
List the prime factors of (-54507306)/(-686) - (-4)/14.
7, 11351
Let n(m) = 11*m**3 + 20*m**2 - 10*m + 57. Let a(x) = -9*x**3 - 20*x**2 + 10*x - 56. Let o(i) = -5*a(i) - 4*n(i). What are the prime factors of o(-14)?
2, 3, 19
Let z(p) = -32*p + 20. Let k(y) = 6*y - 117. Let r be k(18). What are the prime factors of z(r)?
2, 7, 11
Suppose -2*a - 2910 = -y, 0 = -27*y + 29*y + 3*a - 5785. What are the prime factors of y?
2, 5, 29
Let g = 53 - 105. Let h be 8/g + 636/78. What are the prime factors of h/((-28)/7)*-7*2?
2, 7
Let n(w) be the third derivative of 0*w + 1/2*w**3 + 1/2*w**4 + 0 + 10*w**2. List the prime factors of n(14).
3, 19
Let m be (122/6)/(4/12). Suppose -4*f + 8*k = 3*k + 130, -3*k = -5*f - 156. Let n = m + f. List the prime factors of n.
31
Let p(y) = 69*y**2 - 9*y - 10. Let c be p(-1). What are the prime factors of 45203/c - 1/(-4)?
5, 7, 19
Suppose 3*l = -5*s - 3791, -4*s + 8 = -6*s. Let y = -858 - l. List the prime factors of y.
3, 7, 19
Let w(z) = 21*z**2 - 204*z + 338. What are the prime factors of w(40)?
2, 12889
List the prime factors of (-155)/3*(-50553)/205.
3, 31, 137
Suppose -94*s + 92*s + 32 = 0. What are the prime factors of s/88 + 5729/11?
521
Let q(c) = 130*c + 40. Let h be q(6). Let l = h + -353. List the prime factors of l.
467
Let k(h) = 14*h**3 - 2*h**2 + h + 3. Let q be (-1*(0 + 3))/(8/(-8)). What are the prime factors of k(q)?
2, 3, 61
Suppose -2*d = 4*r - 112746, -5*r + 119916 + 161984 = 5*d. What are the prime factors of d?
113, 499
Let t(c) = c - 10. Let p be t(10). Suppose 4*b - 2*f + 4 = 0, p = -5*b + 3*b - f + 6. Let o(i) = 156*i**2 - i + 2. What are the prime factors of o(b)?
157
Suppose 6*g - 334 = -286. Suppo